{"id":885,"date":"2021-03-19T14:54:51","date_gmt":"2021-03-19T12:54:51","guid":{"rendered":"https:\/\/vccs.be\/?page_id=885"},"modified":"2026-03-08T11:46:29","modified_gmt":"2026-03-08T09:46:29","slug":"protection-juridique","status":"publish","type":"page","link":"https:\/\/www.vccs.be\/fr\/assurance\/protection-juridique\/","title":{"rendered":"Protection juridique"},"content":{"rendered":"<h3>Assurance protection juridique des coordinateurs de s\u00e9curit\u00e9 et de sant\u00e9<\/h3>\n<p>Toute personne impliqu\u00e9e dans une proc\u00e9dure judiciaire sait qu\u2019il est essentiel d\u2019\u00eatre assist\u00e9 par un avocat ind\u00e9pendant, quelqu\u2019un qui travaille sans aucun lien avec l\u2019assurance RC, de sorte que les droits des int\u00e9ress\u00e9s puissent \u00eatre pleinement d\u00e9fendus.<br \/>\nGr\u00e2ce aux avantages convenus par VC-CS, vous avez la possibilit\u00e9, en tant que membre de VC-CS, de souscrire une assurance protection juridique pour une modique prime annuelle et ainsi d\u2019\u00e9viter les co\u00fbts \u00e9lev\u00e9s li\u00e9s \u00e0 une proc\u00e9dure judiciaire.<\/p>\n<p>\u00c0 l\u2019aide du lien ci-dessous vous verrez un aper\u00e7u des couvertures et des primes de l\u2019assurance PJ.<\/p>\n<p><a href=\"https:\/\/vccs.be\/wp-content\/uploads\/2021\/03\/LAR-CONDITIONS-SPEC2014-01.pdf\" target=\"_blank\" rel=\"noopener\">VC-CS Assurance protection juridique-conditions sp\u00e9ciales<\/a><\/p>\n<p><a href=\"http:\/\/www.vccs.be\/wp-content\/uploads\/2026\/03\/March-form-PJ-FR.pdf\">FORMULAIRE D&#8217;INSCRIPTION<\/a><\/p>\n","protected":false},"excerpt":{"rendered":"<p>Assurance protection juridique des coordinateurs de s\u00e9curit\u00e9 et de sant\u00e9 Toute personne impliqu\u00e9e dans&#8230;<\/p>\n","protected":false},"author":1,"featured_media":0,"parent":861,"menu_order":0,"comment_status":"closed","ping_status":"closed","template":"","meta":{"_acf_changed":false,"inline_featured_image":false,"footnotes":""},"class_list":["post-885","page","type-page","status-publish","hentry"],"acf":[],"yoast_head":"<!-- This site is optimized with the Yoast SEO plugin v27.0 - https:\/\/yoast.com\/product\/yoast-seo-wordpress\/ -->\n<title>Protection juridique - VCCS - Slogan<\/title>\n<meta name=\"robots\" content=\"index, follow, max-snippet:-1, max-image-preview:large, max-video-preview:-1\" \/>\n<link rel=\"canonical\" href=\"https:\/\/www.vccs.be\/fr\/assurance\/protection-juridique\/\" \/>\n<meta property=\"og:locale\" content=\"fr_FR\" \/>\n<meta property=\"og:type\" content=\"article\" \/>\n<meta property=\"og:title\" content=\"Protection juridique - VCCS - Slogan\" \/>\n<meta property=\"og:description\" content=\"Assurance protection juridique des coordinateurs de s\u00e9curit\u00e9 et de sant\u00e9 Toute personne impliqu\u00e9e dans...\" \/>\n<meta property=\"og:url\" content=\"https:\/\/www.vccs.be\/fr\/assurance\/protection-juridique\/\" \/>\n<meta property=\"og:site_name\" content=\"VCCS\" \/>\n<meta property=\"article:modified_time\" content=\"2026-03-08T09:46:29+00:00\" \/>\n<meta name=\"twitter:card\" content=\"summary_large_image\" \/>\n<meta name=\"twitter:label1\" content=\"Dur\u00e9e de lecture estim\u00e9e\" \/>\n\t<meta name=\"twitter:data1\" content=\"1 minute\" \/>\n<script type=\"application\/ld+json\" class=\"yoast-schema-graph\">{\"@context\":\"https:\/\/schema.org\",\"@graph\":[{\"@type\":\"WebPage\",\"@id\":\"https:\/\/www.vccs.be\/fr\/assurance\/protection-juridique\/\",\"url\":\"https:\/\/www.vccs.be\/fr\/assurance\/protection-juridique\/\",\"name\":\"Protection juridique - VCCS - Slogan\",\"isPartOf\":{\"@id\":\"https:\/\/www.vccs.be\/fr\/#website\"},\"datePublished\":\"2021-03-19T12:54:51+00:00\",\"dateModified\":\"2026-03-08T09:46:29+00:00\",\"breadcrumb\":{\"@id\":\"https:\/\/www.vccs.be\/fr\/assurance\/protection-juridique\/#breadcrumb\"},\"inLanguage\":\"fr-FR\",\"potentialAction\":[{\"@type\":\"ReadAction\",\"target\":[\"https:\/\/www.vccs.be\/fr\/assurance\/protection-juridique\/\"]}]},{\"@type\":\"BreadcrumbList\",\"@id\":\"https:\/\/www.vccs.be\/fr\/assurance\/protection-juridique\/#breadcrumb\",\"itemListElement\":[{\"@type\":\"ListItem\",\"position\":1,\"name\":\"Home\",\"item\":\"https:\/\/www.vccs.be\/fr\/\"},{\"@type\":\"ListItem\",\"position\":2,\"name\":\"Assurance\",\"item\":\"https:\/\/www.vccs.be\/fr\/assurance\/\"},{\"@type\":\"ListItem\",\"position\":3,\"name\":\"Protection juridique\"}]},{\"@type\":\"WebSite\",\"@id\":\"https:\/\/www.vccs.be\/fr\/#website\",\"url\":\"https:\/\/www.vccs.be\/fr\/\",\"name\":\"VCCS\",\"description\":\"Slogan\",\"potentialAction\":[{\"@type\":\"SearchAction\",\"target\":{\"@type\":\"EntryPoint\",\"urlTemplate\":\"https:\/\/www.vccs.be\/fr\/?s={search_term_string}\"},\"query-input\":{\"@type\":\"PropertyValueSpecification\",\"valueRequired\":true,\"valueName\":\"search_term_string\"}}],\"inLanguage\":\"fr-FR\"}]}<\/script>\n<!-- \/ Yoast SEO plugin. -->","yoast_head_json":{"title":"Protection juridique - VCCS - Slogan","robots":{"index":"index","follow":"follow","max-snippet":"max-snippet:-1","max-image-preview":"max-image-preview:large","max-video-preview":"max-video-preview:-1"},"canonical":"https:\/\/www.vccs.be\/fr\/assurance\/protection-juridique\/","og_locale":"fr_FR","og_type":"article","og_title":"Protection juridique - VCCS - Slogan","og_description":"Assurance protection juridique des coordinateurs de s\u00e9curit\u00e9 et de sant\u00e9 Toute personne impliqu\u00e9e dans...","og_url":"https:\/\/www.vccs.be\/fr\/assurance\/protection-juridique\/","og_site_name":"VCCS","article_modified_time":"2026-03-08T09:46:29+00:00","twitter_card":"summary_large_image","twitter_misc":{"Dur\u00e9e de lecture estim\u00e9e":"1 minute"},"schema":{"@context":"https:\/\/schema.org","@graph":[{"@type":"WebPage","@id":"https:\/\/www.vccs.be\/fr\/assurance\/protection-juridique\/","url":"https:\/\/www.vccs.be\/fr\/assurance\/protection-juridique\/","name":"Protection juridique - VCCS - Slogan","isPartOf":{"@id":"https:\/\/www.vccs.be\/fr\/#website"},"datePublished":"2021-03-19T12:54:51+00:00","dateModified":"2026-03-08T09:46:29+00:00","breadcrumb":{"@id":"https:\/\/www.vccs.be\/fr\/assurance\/protection-juridique\/#breadcrumb"},"inLanguage":"fr-FR","potentialAction":[{"@type":"ReadAction","target":["https:\/\/www.vccs.be\/fr\/assurance\/protection-juridique\/"]}]},{"@type":"BreadcrumbList","@id":"https:\/\/www.vccs.be\/fr\/assurance\/protection-juridique\/#breadcrumb","itemListElement":[{"@type":"ListItem","position":1,"name":"Home","item":"https:\/\/www.vccs.be\/fr\/"},{"@type":"ListItem","position":2,"name":"Assurance","item":"https:\/\/www.vccs.be\/fr\/assurance\/"},{"@type":"ListItem","position":3,"name":"Protection juridique"}]},{"@type":"WebSite","@id":"https:\/\/www.vccs.be\/fr\/#website","url":"https:\/\/www.vccs.be\/fr\/","name":"VCCS","description":"Slogan","potentialAction":[{"@type":"SearchAction","target":{"@type":"EntryPoint","urlTemplate":"https:\/\/www.vccs.be\/fr\/?s={search_term_string}"},"query-input":{"@type":"PropertyValueSpecification","valueRequired":true,"valueName":"search_term_string"}}],"inLanguage":"fr-FR"}]}},"_links":{"self":[{"href":"https:\/\/www.vccs.be\/fr\/wp-json\/wp\/v2\/pages\/885","targetHints":{"allow":["GET"]}}],"collection":[{"href":"https:\/\/www.vccs.be\/fr\/wp-json\/wp\/v2\/pages"}],"about":[{"href":"https:\/\/www.vccs.be\/fr\/wp-json\/wp\/v2\/types\/page"}],"author":[{"embeddable":true,"href":"https:\/\/www.vccs.be\/fr\/wp-json\/wp\/v2\/users\/1"}],"replies":[{"embeddable":true,"href":"https:\/\/www.vccs.be\/fr\/wp-json\/wp\/v2\/comments?post=885"}],"version-history":[{"count":1,"href":"https:\/\/www.vccs.be\/fr\/wp-json\/wp\/v2\/pages\/885\/revisions"}],"predecessor-version":[{"id":4870,"href":"https:\/\/www.vccs.be\/fr\/wp-json\/wp\/v2\/pages\/885\/revisions\/4870"}],"up":[{"embeddable":true,"href":"https:\/\/www.vccs.be\/fr\/wp-json\/wp\/v2\/pages\/861"}],"wp:attachment":[{"href":"https:\/\/www.vccs.be\/fr\/wp-json\/wp\/v2\/media?parent=885"}],"curies":[{"name":"wp","href":"https:\/\/api.w.org\/{rel}","templated":true}]}}

<h3>Assurance protection juridique des coordinateurs de sécurité et de santé</h3>
<p>Toute personne impliquée dans une procédure judiciaire sait qu’il est essentiel d’être assisté par un avocat indépendant, quelqu’un qui travaille sans aucun lien avec l’assurance RC, de sorte que les droits des intéressés puissent être pleinement défendus.<br />
Grâce aux avantages convenus par VC-CS, vous avez la possibilité, en tant que membre de VC-CS, de souscrire une assurance protection juridique pour une modique prime annuelle et ainsi d’éviter les coûts élevés liés à une procédure judiciaire.</p>
<p>À l’aide du lien ci-dessous vous verrez un aperçu des couvertures et des primes de l’assurance PJ.</p>
<p><a href="https://vccs.be/wp-content/uploads/2021/03/LAR-CONDITIONS-SPEC2014-01.pdf" target="_blank" rel="noopener">VC-CS Assurance protection juridique-conditions spéciales</a></p>
<p><a href="http://www.vccs.be/wp-content/uploads/2026/03/March-form-PJ-FR.pdf">FORMULAIRE D&#8217;INSCRIPTION</a></p>

<p>Assurance protection juridique des coordinateurs de sécurité et de santé Toute personne impliquée dans&#8230;</p>

<!-- This site is optimized with the Yoast SEO plugin v27.0 - https://yoast.com/product/yoast-seo-wordpress/ -->
<title>Protection juridique - VCCS - Slogan</title>
<meta name="robots" content="index, follow, max-snippet:-1, max-image-preview:large, max-video-preview:-1" />
<link rel="canonical" href="https://www.vccs.be/fr/assurance/protection-juridique/" />
<meta property="og:locale" content="fr_FR" />
<meta property="og:type" content="article" />
<meta property="og:title" content="Protection juridique - VCCS - Slogan" />
<meta property="og:description" content="Assurance protection juridique des coordinateurs de sécurité et de santé Toute personne impliquée dans..." />
<meta property="og:url" content="https://www.vccs.be/fr/assurance/protection-juridique/" />
<meta property="og:site_name" content="VCCS" />
<meta property="article:modified_time" content="2026-03-08T09:46:29+00:00" />
<meta name="twitter:card" content="summary_large_image" />
<meta name="twitter:label1" content="Durée de lecture estimée" />
	<meta name="twitter:data1" content="1 minute" />
<script type="application/ld+json" class="yoast-schema-graph">{"@context":"https://schema.org","@graph":[{"@type":"WebPage","@id":"https://www.vccs.be/fr/assurance/protection-juridique/","url":"https://www.vccs.be/fr/assurance/protection-juridique/","name":"Protection juridique - VCCS - Slogan","isPartOf":{"@id":"https://www.vccs.be/fr/#website"},"datePublished":"2021-03-19T12:54:51+00:00","dateModified":"2026-03-08T09:46:29+00:00","breadcrumb":{"@id":"https://www.vccs.be/fr/assurance/protection-juridique/#breadcrumb"},"inLanguage":"fr-FR","potentialAction":[{"@type":"ReadAction","target":["https://www.vccs.be/fr/assurance/protection-juridique/"]}]},{"@type":"BreadcrumbList","@id":"https://www.vccs.be/fr/assurance/protection-juridique/#breadcrumb","itemListElement":[{"@type":"ListItem","position":1,"name":"Home","item":"https://www.vccs.be/fr/"},{"@type":"ListItem","position":2,"name":"Assurance","item":"https://www.vccs.be/fr/assurance/"},{"@type":"ListItem","position":3,"name":"Protection juridique"}]},{"@type":"WebSite","@id":"https://www.vccs.be/fr/#website","url":"https://www.vccs.be/fr/","name":"VCCS","description":"Slogan","potentialAction":[{"@type":"SearchAction","target":{"@type":"EntryPoint","urlTemplate":"https://www.vccs.be/fr/?s={search_term_string}"},"query-input":{"@type":"PropertyValueSpecification","valueRequired":true,"valueName":"search_term_string"}}],"inLanguage":"fr-FR"}]}</script>
<!-- / Yoast SEO plugin. -->

Assurance protection juridique des coordinateurs de sécurité et de santé Toute personne impliquée dans...
